 32, -2*l + 4*b + 6 = 3*b. Let r be 1*-1 - (l + 29). Is (-4)/2*r/2 prime?
False
Let l(y) = -5*y**3 - 2*y**2 - y. Let v be l(-1). Let o be 6 - ((v - 1) + 0). Suppose 0 = o*q - 27 - 222. Is q composite?
False
Let k = 347 - -720. Is k composite?
True
Let g(u) = -u**3 - 2*u**2 + 5*u + 3. Let d(w) = -w**3 - 7*w**2 + w + 2. Let f be d(-7). Is g(f) a composite number?
False
Let r(j) = j**3 + 8*j**2 + 6*j - 6. Let p be r(-7). Suppose 1 + p = -2*y. Is 0/y - (-100)/4 prime?
False
Let m be (-8)/6*(-12)/8. Let z be (-16 + 1)*(-2)/m. Suppose -5*n + 5 = 5*x - z, 5*x = 5. Is n prime?
True
Is 4/(-10) + (-3351)/(-15) composite?
False
Suppose 883 = 3*n - 104. Is n a composite number?
True
Let q be 1 + 796/(-8)*2. Let d = 381 + q. Is d a prime number?
False
Suppose -620 = -z + 275. Is z a composite number?
True
Suppose -3*w + 1568 = w - 3*t, -w + 4*t + 405 = 0. Is w composite?
False
Let q = -532 + 763. Suppose m = 4*m - q. Is m a composite number?
True
Let u be ((-6)/4)/(12/(-32)). Is u/1 + -3 - -108 a prime number?
True
Let l(k) = -96*k + 1. Let p be (-2)/(-5) - (-49)/(-35). Is l(p) prime?
True
Suppose -i + 3*c + 686 = 0, -3*i + 2070 = -6*c + 9*c. Is i prime?
False
Suppose -3*q - 323 = -4*v - 4*q, 3*q - 78 = -v. Let k = 248 + v. Is k a composite number?
True
Let w = 274 - 160. Suppose -w = -c + 97. Is c composite?
False
Suppose 5*c = 3*y + 163, -5*c + 3*y = -3*c - 58. Suppose p - 3*m = c + 108, 5*m + 437 = 3*p. Is p a prime number?
True
Let y = -48 + 70. Let d(z) = y - 5*z**3 + 0*z + z + 0*z**3 + 4*z**3. Is d(0) prime?
False
Is (-1194)/(-10) + (-4)/(-30)*-3 a composite number?
True
Let q(w) = -w - 1. Let r be q(-4). Suppose r*i - 251 = 7. Is i composite?
True
Let s be (-8)/4*2 - -2. Let r(v) = -83*v + 3. Is r(s) a composite number?
True
Let u = -424 - -256. Let p = u + 247. Is p a prime number?
True
Is 3964/12 + (-2)/(-3) a composite number?
False
Let d(z) = 2*z + 15. Is d(10) prime?
False
Let k(m) = -5*m**2 - m. Suppose 3*w - 7 = -p - 3*p, -w + 2 = p. Let o be k(w). Is 57/(-12)*(o + 2) a prime number?
True
Let l(h) = 3*h + 4. Let f be l(7). Suppose -79 = -4*y - q, y - f = q - 3*q. Is y a prime number?
True
Let c(a) = 2*a + 14. Let f(r) = -r - 7. Let v(q) = 3*c(q) + 5*f(q). Let o be v(-5). Suppose 2*d - 24 = -o*d. Is d a prime number?
False
Suppose 3*z - 19 = 5*c - 0*c, 0 = z - c - 7. Is (60 - 1) + (-16)/z prime?
False
Let i = -3832 - -5931. Is i a composite number?
False
Suppose l = 6*l - 125. Suppose -34 - l = -k - 2*h, 4*k = h + 191. Is k prime?
False
Suppose 2*v = 7*v. Suppose v*b = 5*b - 55. Is b a prime number?
True
Let d = -11 - -5. Let g(n) = -2*n**3 - 9*n**2 - 7*n - 9. Is g(d) a prime number?
False
Let i(j) = -52*j - 1. Is i(-5) a prime number?
False
Let t = -1 - -9. Let x = 1 + t. Suppose -4*m - 185 = -x*m. Is m a composite number?
False
Let d(q) = -q - 2. Let h be d(-3). Let t(j) = 232*j + 1. Is t(h) a prime number?
True
Suppose 5*t - 557 = 498. Is t prime?
True
Let w(v) = v + 3. Let t be w(0). Let r(g) = g**3 + 3*g**2 + 5*g - 4. Is r(t) composite?
True
Is (-2)/5 - 2136/(-40) composite?
False
Let s(d) = 7*d**2 + 3*d + 3. Let t(u) = 2*u**3 + u**2 - u - 1. Let b be t(-1). Let g be (1 - -1)*b + 6. Is s(g) prime?
True
Let t(u) = u - 3. Let y be t(3). Let w be ((-6)/(-5) - y)*20. Let g = w + -11. Is g prime?
True
Is (5 - (-1740)/8) + (-1)/(-2) a prime number?
True
Suppose a = -3*n + 21453, -5*n - 4*a - a = -35755. Is n a composite number?
False
Let k be 4/(-6) - 11/(-3). Suppose 2*p + 0*p + 3*q - 16 = 0, 4*p - q - 4 = 0. Suppose -k = -p*s + 43. Is s a composite number?
False
Is 7385/4 - (-2)/(24/9) a prime number?
True
Suppose -4*t + 113 = -2*j - 271, -458 = -5*t - 3*j. Let h(v) = -5*v - 2. Let g be h(5). Let f = t + g. Is f a prime number?
True
Let g = -26 + 175. Is g prime?
True
Is (-6)/4*(-12586)/21 a prime number?
False
Suppose 0 = -13*s + 3*s + 6310. Is s composite?
False
Let t = 105 - 56. Let y = -1 - -1. Suppose -2*o + o + t = y. Is o a composite number?
True
Let d be 4/16 + 79/4. Suppose 3*m - 2*q = 7*m - 16, -3*q + 15 = 3*m. Is d/m - (-2)/6 a prime number?
True
Let d(f) = -3*f - 3 - 3*f + 2. Is d(-4) prime?
True
Let i(d) = d**3 + 9*d**2 + 6. Let z be i(-9). Is 4/z - 364/(-12) composite?
False
Suppose 7*l - 2*l = 5*a + 450, 0 = 4*a + 5*l + 342. Let w = a - -381. Is w prime?
True
Let k = -4 - -7. Is -3 + (-10)/k*-15 a composite number?
False
Let k(v) = -34*v**3 + 4*v**2 + 6*v + 7. Is k(-5) a composite number?
False
Suppose 54 = -4*h + 18. Let z(r) = -6*r + 5. Is z(h) prime?
True
Let n(o) = 3*o**2 - 3*o + 2. Let x be n(2). Suppose -3*q - 3*c + 12 = 0, 2*q = -2*c + 4*c - 4. Let h = x + q. Is h prime?
False
Suppose 0 = 5*d - 5*a + 15, -4*d - 12 = -4*a + 5*a. Let h be d + 2 - (-3 - -2). Is 9*1 + h + 2 a composite number?
False
Suppose -3*a = -6*a + z + 2394, 2*z + 803 = a. Is a a prime number?
True
Let f be (-8 - -7)*294/(-2). Let c = -94 + f. Is c a composite number?
False
Suppose -3*i - 211 = -1402. Suppose 3*l = i - 34. Is l prime?
False
Let t(c) = -1 + 2*c + 5*c + 7*c**2 + 0*c**2 - 5*c. Is t(2) prime?
True
Is 63 - 4*2/2 a composite number?
False
Suppose 0 = 3*j - 2*m - 1445, j - 5*m = 161 + 325. Is j composite?
True
Let i(g) = g - 4. Let s be i(0). Is s*(-4)/16*361 prime?
False
Let a(v) = 2*v - 4. Let p be a(3). Let j(n) = -12*n + 2*n**p - 7 - 2 - 7*n**2 + 7*n**2. Is j(-8) a composite number?
True
Suppose -2*m = o - 4*o + 1165, 4*m = -2*o + 782. Is o a composite number?
False
Let z = -5 + 5. Suppose 5*n + 87 = 4*s, z = 4*s - 0*n - 2*n - 102. Let u = s - -5. Is u prime?
False
Let d(y) = -y**2 + y + 1. Let b be d(0). Suppose 5*v - b = 29. Let o(q) = -q + 12. Is o(v) a composite number?
True
Let x(j) = -13*j + 1 + 93*j + 57*j + 11*j. Is x(1) composite?
False
Suppose -3*a - a = 0. Suppose 0 = q - 2*g - 3 - 0, a = -4*g + 20. Is q a composite number?
False
Suppose h = 2*i + 788, -i - 15 = -6*i. Is h a composite number?
True
Suppose 0 = 5*t - 5 - 5. Suppose -t*o = -59 - 311. Suppose -2*b + o = -185. Is b a composite number?
True
Let x(l) = 2*l - 9. Let v be x(7). Let h(u) = -4*u + u**3 - 2*u + v*u**2 + 4 + 1. Is h(-5) prime?
False
Suppose -g + 53 = -k + 140, 0 = -2*g - 8. Is k a prime number?
True
Let p be 16/6 + 2/6. Let x be 2 + (-2)/2 + p. Suppose u = 3*b - 6*b + 41, 4*u + x*b = 196. Is u prime?
True
Let k be 2 - (-3 - (3 - 2)). Suppose -3*b = k, -4*j + b + 30 + 128 = 0. Is j a composite number?
True
Suppose 3*m = -4*y + 12, -23 = -5*y - m + 3. Let w(c) = -c - 4. Let f be w(-6). Suppose -f*n + 3*r = -35, y = n - 4*r - 9. Is n prime?
True
Let m = -2 + 0. Is (-1)/m - (-506)/4 a prime number?
True
Let k be (-2)/9 - 119/(-9). Let d = 22 - k. Is (-2)/d + (-768)/(-54) composite?
True
Suppose -9 = 4*d + 15. Let k(y) = y + 1. Let n(r) = -r**2 - 7*r - 5. Let w(l) = -4*k(l) + n(l). Is w(d) a prime number?
False
Is ((-4)/8)/(3/(-786)) prime?
True
Is (-1408)/(-3) - 12/36 composite?
True
Suppose 0 = -4*g + 718 - 122. Is g composite?
False
Let n(g) = 22*g**2 - 5*g + 4. Is n(-7) composite?
False
Let a = -41 - -138. Is a prime?
True
Suppose -5*b = -3*i - 2788, b - 5*i + 1666 = 4*b. Suppose 6*j - j + u - b = 0, 3*j - 331 = u. Suppose -3*o + j = -0*o. Is o a composite number?
False
Suppose -8 = -3*b - 2. Suppose -6*r + b*r + 427 = v, -4*v = -4*r - 1668. Is v prime?
True
Let w = 10 - 10. Suppose 153 = -w*d + 3*d. Is d a prime number?
False
Suppose -5622 = -4*r - m, -r + 3*r + m = 2812. Is r prime?
False
Let n = 374 - 263. Is n a prime number?
False
Suppose -6*v - 864 = -3318. Is v a prime number?
True
Suppose 5 + 7 = -4*b, 5*b - 40 = -5*n. Let l = n - 8. Suppose -282 = t - l*t. Is t composite?
True
Let j = 38 - -47. Is j prime?
False
Let u(g) = -g**2 - 35. Let i be u(0). Let w = i + 106. Is w prime?
True
Let n(p) be the second derivative of p**8/6720 - p**7/630 - p**6/360 - p**5/20 + p**4/6 + 2*p. Let f(u) be the third derivative of n(u). Is f(5) a prime number?
False
Let n = 0 + 23. Is n composite?
False
Let j(f) = 3*f**2 - 3*f + 4. Is j(6) composite?
True
Let d(w) = w**2 + 33. Let q(x) = x**2 + 4*x. Let b be q(-4). Is d(b) prime?
False
Let g = -13 + 48. Suppose s = -4*s + g. Let u = 20 - s. Is u prime?
True
Suppose -4*z + 1032 = 3*v - 885, 3*z = 5*v - 3166. Is v composite?
True
Suppose 136*r + 7586 = 138*r. Is r composite?
False
Suppose 11396 = 6*k - 22. Is k prim